rue
Is 20203087 a prime number?
False
Is 41207839 prime?
True
Is 848777 prime?
False
Is 46845559 composite?
False
Is 3768295 composite?
True
Is 28898701 a prime number?
False
Is 154879367 a composite number?
True
Is 494919001 prime?
True
Is 2531723 a composite number?
True
Is 2609579 prime?
False
Is 23200523 prime?
True
Is 11425823 composite?
False
Is 20555551 a composite number?
False
Is 6301249 composite?
True
Is 330527 a composite number?
True
Is 460006 a prime number?
False
Is 1279262 a prime number?
False
Is 3127493 prime?
False
Is 356193853 prime?
True
Is 22760113 composite?
False
Is 13397557 a prime number?
True
Is 112763249 composite?
True
Is 36836677 composite?
False
Is 31693001 a composite number?
True
Is 24364771 prime?
True
Is 117301531 composite?
True
Is 15858547 a composite number?
False
Is 6206327 a prime number?
True
Is 52702973 prime?
True
Is 22550089 a prime number?
True
Is 105553057 composite?
True
Is 91108481 a composite number?
False
Is 27027529 composite?
False
Is 130138097 composite?
True
Is 35240219 composite?
True
Is 16792777 a prime number?
True
Is 63287551 a composite number?
True
Is 1338241 composite?
False
Is 16185082 a prime number?
False
Is 18599227 a composite number?
True
Is 12403423 prime?
True
Is 2281277 prime?
True
Is 830569 prime?
False
Is 29111567 prime?
False
Is 936066017 composite?
False
Is 2368783 prime?
True
Is 5667547 composite?
False
Is 14579 a prime number?
False
Is 4036353 prime?
False
Is 137806079 prime?
True
Is 1724591 prime?
False
Is 16203777 a composite number?
True
Is 95843191 prime?
True
Is 33736957 composite?
False
Is 153323705 composite?
True
Is 28440103 composite?
False
Is 2169133 prime?
True
Is 39856001 a prime number?
False
Is 26694869 prime?
False
Is 181446691 prime?
True
Is 1016123 prime?
True
Is 106692955 prime?
False
Is 36042343 a prime number?
False
Is 3193949 a prime number?
False
Is 1659911 composite?
True
Is 13334573 a prime number?
False
Is 41433355 a composite number?
True
Is 395209 composite?
True
Is 2588129 a composite number?
False
Is 336367 composite?
True
Is 240978277 a prime number?
True
Is 18655867 a composite number?
False
Is 6048637 a prime number?
False
Is 73747799 a prime number?
False
Is 4555693 composite?
True
Is 82127963 a prime number?
False
Is 163008523 a prime number?
True
Is 234677 prime?
False
Is 147644899 prime?
False
Is 28040729 a composite number?
False
Is 2552063 prime?
False
Is 96874951 a composite number?
False
Is 106574093 a prime number?
True
Is 49314427 a prime number?
True
Is 4236355 composite?
True
Is 48190217 prime?
True
Is 40296335 a composite number?
True
Is 1286939 a prime number?
True
Is 490792915 composite?
True
Is 40501697 composite?
True
Is 1732449 a composite number?
True
Is 7596665 prime?
False
Is 44704343 prime?
False
Is 18623 composite?
True
Is 354672613 a prime number?
False
Is 4293043 prime?
False
Is 74874797 a prime number?
True
Is 3055153 a composite number?
False
Is 282087733 composite?
False
Is 69109 a composite number?
False
Is 71096437 composite?
False
Is 38029711 prime?
False
Is 29012629 prime?
True
Is 269335919 prime?
True
Is 7547479 a composite number?
False
Is 45385849 composite?
False
Is 7257203 a prime number?
False
Is 200981659 a composite number?
True
Is 3065543 a prime number?
False
Is 330149 a prime number?
True
Is 155218319 a composite number?
False
Is 85206083 prime?
True
Is 13197161 composite?
False
Is 12508603 prime?
True
Is 343373 composite?
False
Is 8923 a prime number?
True
Is 26493563 prime?
True
Is 1594811 prime?
False
Is 1121819 a composite number?
False
Is 603571 composite?
True
Is 40186567 a composite number?
False
Is 110952113 composite?
False
Is 9020549 a prime number?
True
Is 37995161 a prime number?
True
Is 7775701 a composite number?
False
Is 15505793 prime?
True
Is 21898523 a composite number?
True
Is 173692829 prime?
False
Is 8133449 a composite number?
False
Is 498137 composite?
True
Is 233777 prime?
True
Is 12137837 prime?
False
Is 7359713 composite?
False
Is 20935829 a prime number?
True
Is 173016227 a composite number?
True
Is 7951127 a prime number?
True
Is 1671874405 a composite number?
True
Is 11968202 prime?
False
Is 9551 a composite number?
False
Is 4023059 prime?
False
Is 2404551 a composite number?
True
Is 5366827 a prime number?
False
Is 2152649 composite?
True
Is 75239203 a prime number?
False
Is 8895721 prime?
False
Is 1901441 composite?
True
Is 3576637 a prime number?
True
Is 9119171 a prime number?
True
Is 293599 composite?
False
Is 15426773 prime?
False
Is 334899379 composite?
False
Is 1824181 prime?
False
Is 2348003 a composite number?
True
Is 15654241 a prime number?
True
Is 2328533 a prime number?
True
Is 234343259 composite?
False
Is 1439609 composite?
True
Is 2685731 prime?
True
Is 93221663 a prime number?
True
Is 15756079 a prime number?
False
Is 1864361 prime?
True
Is 2879867 a prime number?
False
Is 4146661 prime?
True
Is 21760831 composite?
False
Is 48739055 composite?
True
Is 80027099 a prime number?
True
Is 30929377 composite?
True
Is 1781173 a composite number?
False
Is 2963893 composite?
True
Is 5226031 composite?
True
Is 545867183 composite?
True
Is 6426757 a prime number?
True
Is 26814857 composite?
False
Is 64632257 prime?
True
Is 623653 a prime number?
True
Is 15891899 prime?
True
Is 35482201 a prime number?
True
Is 143478463 composite?
False
Is 785437 prime?
False
Is 138905083 prime?
True
Is 1418041 prime?
False
Is 41834351 a prime number?
False
Is 4499059 a prime number?
True
Is 142223329 prime?
False
Is 185139431 a prime number?
True
Is 24352189 prime?
True
Is 84854059 a prime number?
False
Is 24869177 a composite number?
False
Is 6381897 a composite number?
True
Is 3904801 composite?
False
Is 3021059 composite?
False
Is 5725069 a prime number?
False
Is 27873449 composite?
True
Is 58418279 a prime number?
True
Is 2190299 composite?
False
Is 13562771 a composite number?
False
Is 6879961 a prime number?
False
Is 22035341 prime?
False
Is 7370983 composite?
False
Is 3739349 prime?
True
Is 4965179 prime?
True
Is 306388249 prime?
True
Is 144360163 prime?
True
Is 2103289 a composite number?
True
Is 642276563 composite?
False
Is 37733719 a composite number?
False
Is 122373535 composite?
True
Is 119473457 a prime number?
False
Is 19503373 a prime number?
True
Is 153079666 a composite number?
True
Is 1990081 a prime number?
True
Is 220095835 prime?
False
Is 103305647 a composite number?
True
Is 32516249 a prime number?
True
Is 3242339 a prime number?
True
Is 805265 a prime number?
False
Is 15399313 a prime number?
False
Is 7054289 a prime number?
False
Is 19780907 composite?
False
Is 221381 a prime number?
False
Is 2900281 a prime number?
True
Is 21633137 a prime number?
False
Is 28705069 prime?
True
Is 2900231 a prime number?
False
Is 157768417 a composite number?
True
Is 15131 a composite number?
False
Is 9637781 a composite number?
True
Is 42115531 a composite number?
True
Is 2836849 composite?
False
Is 4201643 prime?
False
Is 7570583 a prime number?
True
Is 30722122 a prime number?
False
Is 3722791 a composite number?
False
Is 7488239 a prime number?
False
Is 4176647 a prime number?
True
Is 180372367 a prime number?
False
Is 1025782 prime?
False
Is 15121493 a composite number?
True
Is 9968033 a prime number?
False
Is 6934285 composite?
True
Is 63905521 a composite number?
False
Is 16185977 prime?
False
Is 9108077 prime?
False
Is 159905309 composite?
True
Is 4362529 prime?
False
Is 166429543 a composite number?
True
Is 1562527 a composite number?
False
Is 9608441 composite?
False
Is 73616923 prime?
False
Is 7902911 a prime number?
False
Is 173300053 prime?
False
Is 466255 composite?
True
Is 1294243 prime?
False
Is 370242011 composite?
False
Is 8118329 composite?
False
Is 599911961 a prime number?
False
Is 1257517 a composite number?
False
Is 2760109 composite?
True
Is 42300311 composite?
False
Is 41078189 a prime number?
True
Is 1150117 a prime number?
True
Is 3157391 a prime number?
True
Is 7267441 composite?
False
Is 403230961 a prime number?
False
Is 962938 a composite number?
True
Is 333954965 composite?
True
Is 398135 a composite number?
True
Is 5451617 a composite number?
True
Is 1032894989 composite?
True
Is 992051 composite?
False
Is 212320261 prime?
True
Is